digit of i?
1
Suppose 4*b - 10750 + 2733 = 5*s, 3*b = -2*s + 6007. What is the thousands digit of b?
2
Let u = 37188 - 24967. What is the units digit of u?
1
Suppose -3454*j = -3554*j + 4756800. What is the thousands digit of j?
7
Let a(d) = -237*d**3 + 2*d**2 - 1380*d - 5522. What is the units digit of a(-4)?
8
Suppose 174*h = 81979 - 64385 + 137788. What is the hundreds digit of h?
8
Let y be (15/12 - 0)*(-1 + 5). Suppose r + 7 = -y*w - 0, 3*r - 3 = -3*w. What is the hundreds digit of (-422)/(-3) + w/(-6)?
1
Let l = 330 - 330. Suppose 83*d - 72*d - 132 = l. What is the tens digit of d?
1
Let c = 506 - 504. What is the units digit of (4 + c/2)/1*178?
0
Let z = -355 + 359. Let o(a) = -13*a + 14. Let n(h) = -14*h + 15. Let q(w) = -3*n(w) + 2*o(w). What is the units digit of q(z)?
7
Let k(f) = -36*f - 16. Let t be k(-2). What is the units digit of 2*-16*(-490)/t?
0
Let b(a) = -2*a**3 + 7*a**2 + 5*a - 2. Let j be b(-6). Suppose -3*o + 455 = -j. What is the units digit of o?
9
Let o(x) = 9*x - 23. Let s(a) = -14*a + 35. Let u(y) = -8*o(y) - 5*s(y). Suppose 2*g + 29 = 9. What is the tens digit of u(g)?
2
Let p(z) = 7*z**2 + 26. Let v(q) = -9*q**2 - 2*q - 27. Let m(t) = -5*p(t) - 4*v(t). What is the hundreds digit of m(14)?
2
Let g be 13882/77 + (-2)/7. Suppose -4*k + 312 = -4*h, -15*h + 12*h = -4*k + 313. Let a = g - k. What is the units digit of a?
1
Let w = 1017 - 1032. What is the tens digit of (-6)/w*(-14250)/(-60)?
9
Let p(a) = -14*a**3 - 7*a**2 + 31*a - 49. What is the units digit of p(-8)?
3
Suppose -493*z = -487*z - 13230. What is the thousands digit of z?
2
Let d be 3/6*(-42)/(-7). Suppose 2*s = d*p + 431 + 126, -2*s = -2*p - 552. What is the units digit of s?
1
Suppose -9 = 4*n - 3*i - 22, -4*i - 10 = 2*n. Let l be 380 + n + (-6)/3. Suppose -4*q - 4*p + p = -l, 5 = 5*p. What is the tens digit of q?
9
Let c be (-2 - 0 - 10)/(9/(-6)). Suppose 0 = -h + c*h - 49. Let y(t) = t**2 - 5*t + 15. What is the units digit of y(h)?
9
Let q = 10288 + -7218. What is the thousands digit of q?
3
Suppose 4*j + 5 = 3*t, j + 1 = -2*t - 3. Let i be ((-94)/6)/(j/(-12)*-2). Let a = i + 52. What is the tens digit of a?
9
What is the thousands digit of (-35946)/(-30)*(2 + (-87)/(-9))?
3
Let a = 210 + 183. Let p(r) = -r - 11. Let v be p(-14). Suppose v*n = -0*n + a. What is the units digit of n?
1
Let z(v) = 2*v**2 - 17*v + 130. Let c(a) = -8*a - 104. Let m be c(-15). What is the units digit of z(m)?
0
Let q be (-111)/(-21) + -5 + 66/14. Suppose d + 2*v + 147 - 1075 = 0, -d = q*v - 940. What is the tens digit of d?
2
Suppose 25*a - 28*a - 2 = -p, p = 5*a. What is the tens digit of (-1)/2*a - 511428/(-408)?
5
Suppose -2175227 = -172*d + 36*d + 1618357. What is the units digit of d?
4
Let q be (-222)/(-78) - (-2)/13. Let d be (2/3 - 0)*q. Let l(b) = 58*b - 10. What is the hundreds digit of l(d)?
1
Let a(r) = -6*r**3 - 31*r**2 + 7*r - 94. What is the thousands digit of a(-17)?
0
Let u(w) = 18*w + 239. Let m be u(-13). Suppose -m*n + 2*f + 866 = 0, 4*f + 333 = 3*n - 181. What is the tens digit of n?
7
Suppose -4*j = -m - 2130, j + 2*m + 1068 = 3*j. Let w be (-14)/(((-5)/15)/(58/12)). Suppose 7*t - w = j. What is the tens digit of t?
0
What is the thousands digit of (-5 + 2)/((378/27356)/(-9))?
1
Let j = -48 - -92. Let m(n) = n**2 - 43*n - j*n + 19 + 83*n. What is the tens digit of m(-7)?
9
What is the tens digit of (-10047200)/(-114) + 7/(-21)?
3
Let x = -21 + 23. Let l(w) = w**3 + 10*w**2 + 2. Let q be l(-10). Suppose -q*o - x*o = 8, -5*y + 113 = o. What is the tens digit of y?
2
Suppose -3*m = g - 2145, 27*m - 4*g + 2852 = 31*m. Let a = m + -411. What is the units digit of a?
5
Let z(y) be the first derivative of 170*y**3/3 + 3*y**2 - 5*y + 56. What is the hundreds digit of z(1)?
1
Suppose -2*d + 6525 = 5*r, -4*r = -1 - 3. What is the tens digit of d?
6
Let l = 19090 - 14879. What is the tens digit of l?
1
Suppose -2*s = -4*s + 226. Suppose 5*w + 35 = y + y, 5*y - s = 4*w. Suppose -y = -3*j - 5*l + 11, -4*l = 12. What is the tens digit of j?
1
What is the hundreds digit of (0 + 9)*-114066*(-33)/2673?
6
Let z(q) = q**3 + q**2 + q - 237. Let o be z(0). Let x = 749 - 747. What is the tens digit of ((-4)/6)/(x/o)?
7
Let s(m) = -8*m + 162. Suppose 176 + 699 = -25*z. What is the hundreds digit of s(z)?
4
Let n = 1058 + -1536. Let i be -3*n/(-4)*(-44)/33. Suppose 2*m - 4*j = 424, 0 = -2*m + 5*j - 53 + i. What is the tens digit of m?
1
Let w = -191 + 76. Let k = 240 + w. What is the hundreds digit of k?
1
Suppose 6*r - 3 = 7*r. Let m be r/(-33) + 7281/11. Let g = m - 408. What is the tens digit of g?
5
Let v(h) = 4*h + 11. Suppose -3 - 3 = 3*q. Let c be v(q). Suppose -p + 4*r + 68 = 0, -7*r + 2*r = c*p - 170. What is the tens digit of p?
6
Suppose -4*v = -5*k - 158477, v + 3*k - 15005 = 24593. What is the units digit of v?
3
Suppose -615*a - 195 = -614*a. What is the tens digit of 4/52 + (-213705)/a?
9
Let z = -1066 - -1492. Let y = z + -283. What is the units digit of y?
3
Let l(i) = i**3 - 24*i + 5102. What is the hundreds digit of l(0)?
1
Let z(x) = 7*x**2 - x - 1. Let y be z(2). Suppose y = -2*r + 7*r. Suppose -2*g = -6*g + h + 108, -r*g + 152 = 3*h. What is the tens digit of g?
2
Let l be (-41)/205 - 1/(-5). What is the hundreds digit of (-1)/4 - ((-853)/4 + l)?
2
Suppose 144*v = 231931 + 2868389. What is the hundreds digit of v?
5
What is the tens digit of ((-8)/(-3) + -2)/(660/612810)?
1
Suppose -v = -3*h + 3293 + 7798, -14792 = -4*h + 2*v. What is the tens digit of h?
9
Suppose -3*r + 73 = -35. Suppose -2*o - 3*z = -49 - 52, 2*o - 106 = -4*z. Let m = o - r. What is the units digit of m?
7
Suppose 0 = -30*m - 66288 - 17502. What is the tens digit of (-14)/(-35) + m/(-5)?
5
Let w(m) = -m**3 - 32*m**2 - 31*m - 2. Let d be w(-31). What is the hundreds digit of -45*(3 + -6 + d)*5?
1
Let f(p) = p**3 + 2*p**2 + p - 2. Let y be f(1). Let v(n) = 11*n**y + 101*n + 0 - 103*n - 1 - n**2. What is the tens digit of v(-3)?
9
Let d(c) = 367*c - 1108. What is the thousands digit of d(6)?
1
Suppose q - 27421 - 3956 = -4*b, 2*q = 2*b - 15676. What is the units digit of b?
3
Let d(c) = -978*c + 3942. What is the tens digit of d(-12)?
7
Let n(u) = 559*u + 89. Let h be n(3). Let l = h - 639. What is the units digit of l?
7
Suppose 3*q + 3*d = 6*d, -4*d - 3 = -3*q. Let l be (-17)/2 + q/6. Let r(o) = o**3 + 9*o**2 - 3*o - 4. What is the tens digit of r(l)?
2
Suppose 1054*x = 1055*x - 1439. Suppose -7*z = -5*z - 3*b - x, -3*b - 3 = 0. What is the units digit of z?
8
Let r(n) = n**3 - 20*n**2 + 2*n + 48. Let q(o) = o**2 - 7*o + 19. Let t be q(5). Let i be -2 - 3*(-66)/t. What is the tens digit of r(i)?
8
Suppose z + 351 = -5*c, c + 67 = -z - 0*z. Let o = 67 + c. What is the tens digit of (-30)/(-3 - (o + 3))?
1
Suppose -2*z - 2636 = -m, 5*m + z = -0*z + 13268. What is the units digit of m?
2
Let i = 28 - 28. Suppose j = -0*j + r - 39, j - 3*r + 37 = i. What is the tens digit of j/(-300) - (-1948)/15?
3
Suppose -4*k = 20, -2*q - 3*k = -3*q + 20. Suppose -5*a - 2*l + 22 = 0, -a - q*l + 7 = -2. Suppose -a*h + 46 = -150. What is the tens digit of h?
4
Let h be ((-125)/(-10) - 5)/((-1)/4). Let p be 48/h*15/(-6). Suppose -j + p*z + 90 = 0, -3*z + 39 = j - 86. What is the tens digit of j?
1
Suppose -4*s = -84 - 8. Let v = 82 - s. Suppose -5*j + 3*a = -125, -a - 4*a - v = -3*j. What is the tens digit of j?
2
What is the units digit of (-13 - -7) + (6 - -6644*1)?
4
Let y(w) = -4*w**2 - 267*w - 269. What is the units digit of y(-65)?
6
Let r be (4/6)/(-8 - (-29057)/3633). Let u = r - -640. What is the units digit of u?
4
Suppose 4*m - 3*q = 3 + 1, -3*q = 0. Let s be 182*m + 2/(2/(-2)). Suppose s = -9*v + 11*v. What is the units digit of v?
0
Let k(b) = 12*b + 193. Let x be k(11). What is the tens digit of (520/x)/((-1)/(-590))?
4
Let w(v) = 2*v**2 + 38*v + 42. Let h be (-3)/(-21) + (-296)/14. What is the hundreds digit of w(h)?
1
Let y = 433 - 434. What is the units digit of (-3 + 98)*(0 - y)?
5
Let u(v) = v**3 - 2*v**2 + 5*v + 2. Let c be u(3). What is the units digit of 25 - c - 5*-1?
4
Let k(c) = -c**2 + 9*c + 4. Let m be k(8). Suppose m = -2*y - 4*y. What is the tens digit of y*2 - (0 - 97)?
9
Let q = 20498 - 11895. What is the units digit of q?
3
Suppose -15*z + 52 = -2*z. Suppose -5*i = -3*